t common divisor of q and 143?
13
Let v be ((-1)/3)/((28/7)/(-156)). Let b = 93 + -89. Suppose r - 5*w - 103 = 0, 2*w = -b*r + 288 + 14. Calculate the greatest common factor of r and v.
13
Suppose 0 = 4*g - 24, 25370 = 37*b - 33*b - g. Calculate the highest common divisor of 104 and b.
104
Suppose 0 = 5*f + 3*o + 137 - 21, -f = -3*o + 34. Let i = 41 - f. What is the highest common divisor of 3 and i?
3
Let w(v) be the first derivative of 2*v**2 + 84*v + 43. Let s be w(-17). Calculate the highest common factor of s and 14.
2
Let k = -90 + 139. Let a be (-2)/7 - (-14)/k. Suppose -16*p + 12*p + 20 = a. Calculate the greatest common divisor of 1 and p.
1
Suppose 3*h - 51 = -12. Suppose o - 31 = -h. Calculate the highest common divisor of o and 18.
18
Let n(z) = -743*z**3 - 12*z**2 - 12*z - 3. Let h be n(-1). Calculate the greatest common factor of h and 666.
74
Let n be 1*1075 - (-22)/(66/15). Calculate the greatest common factor of 160 and n.
40
Suppose -13*j + 171 + 929 = -18. Calculate the greatest common factor of j and 989.
43
Suppose -61 = -10*t + 37 + 352. Calculate the greatest common factor of 345 and t.
15
Let u(i) = -12*i + 16. Let m(r) = 6*r - 8. Let j(p) = 7*m(p) + 3*u(p). Let l be j(-2). Let c = l - -83. What is the greatest common divisor of 9 and c?
9
Suppose -139*j = -142*j - 3. Let f be 2*j - -3 - (-15)/5. Suppose -150 = h - f*h. What is the highest common factor of h and 20?
10
Let y(b) = -41*b + 251. Let v be y(5). What is the greatest common factor of 207 and v?
23
Let s be (-7)/(-21)*2*9. Let m be (-4385)/(-35) - s/21. Let i = 102 - 52. Calculate the highest common factor of m and i.
25
Let y(m) = 28*m - 13. Let j(n) = -13*n + 7. Let q(h) = -13*j(h) - 6*y(h). Let b be q(17). What is the highest common divisor of b and 14?
2
Let v(f) = -47*f + 14. Let q be v(-1). Let h = q + -1. What is the greatest common factor of 75 and h?
15
Let h = 22141 - 19189. Calculate the highest common divisor of 2624 and h.
328
Suppose 29*o = 6*o - 1610. Let b be ((-30)/o)/(1/371). What is the highest common factor of 106 and b?
53
Suppose -16*u + 31*u - 60 = 0. Suppose -u*b - 6*n + 457 = -1963, -5*b - 4*n + 3032 = 0. Calculate the greatest common divisor of b and 32.
32
Let y(s) = -s**2 + 7*s + 4. Let a = -17 + 24. Let v be y(a). Let k = -650 - -656. What is the greatest common divisor of k and v?
2
Let b(l) = 5*l**3 + 152*l**2 - 36*l + 34. Let q be b(-30). What is the greatest common factor of 188 and q?
94
Let t be 30 - (0 + -1) - 2. Suppose 128*b - 58*b = 2030. Calculate the greatest common factor of b and t.
29
Let t(h) = 9*h**2 + 117*h + 4142. Let v be t(-45). Calculate the greatest common factor of v and 68.
34
Let p = 12 - 9. Suppose 0 = 4*y - p - 25. Let b be 1/(-18) - 19/54*-219. What is the greatest common divisor of b and y?
7
Suppose 33*s = 1275 - 1044. What is the greatest common divisor of s and 3836?
7
Let x(v) = -30*v - 64. Let d be x(-16). Suppose 5*c = 364 + d. Calculate the greatest common divisor of 52 and c.
52
Let t(v) = -v**3 + 2*v**2 - 8*v - 3. Let g be t(-7). Let j = 78199 + -78147. Calculate the highest common factor of j and g.
26
Let f = 7926 - 6751. What is the highest common factor of 47 and f?
47
Suppose 143*r + 101*r - 26200 = 44*r. Let g = 105 - 58. Suppose -c - o = -g, -r = -3*c - 0*c - o. Calculate the greatest common divisor of 28 and c.
14
Let z be (105/14)/((-9)/24). Let n = z + 45. Let m be (126/(-10))/((-5)/n). What is the greatest common factor of 42 and m?
21
Let o be (-2*(-4)/3)/(14/21). Let u(s) = 3*s - 20. Let n be u(28). Calculate the greatest common divisor of o and n.
4
Suppose -4*p + 2*m + 442 = 0, -4*p + 1040 = 5*p + 2*m. What is the greatest common divisor of p and 42864?
114
Suppose 2*q + 14 = 2*f - 2*q, 3*q = 5*f - 7. Let n be (f/2)/(-4*(-7)/(-840)). Calculate the greatest common factor of n and 435.
15
Let t = 6 - -2. Suppose -8*r + 12*r = t. Suppose r*h = 242 - 82. What is the highest common divisor of 16 and h?
16
Let l = 17 + -8. Suppose 5*h + 2*p - 6 = -0*p, -4*h - l = -3*p. Let s be (4 - h) + -4 + 5. Calculate the highest common divisor of 40 and s.
5
Let m be ((-4)/(-18) + 13855/(-2934))*164/(-3). Calculate the greatest common factor of m and 2829.
123
Let z(r) = r**2 - 6*r - 24. Let i be z(9). Suppose i*l - 44 = -l. Let c = l + -6. Calculate the greatest common divisor of c and 55.
5
Let h(z) = 114*z**2 - 19*z + 17. Let q be h(1). Let k be 2 + -1 + -3 + 16. Calculate the greatest common divisor of q and k.
14
Suppose 3*s = i + 13, 17*s = 21*s - 3*i - 14. Suppose 38 = 4*g + s*q, 6*g + q - 46 = 2*g. Calculate the greatest common divisor of 384 and g.
12
Suppose 12*t + 158 = p, 0 = -3*p - 4*t - 8 + 42. Let c(f) = -f**3 + 11*f**2 + f + 11. Let d be c(9). Calculate the highest common factor of p and d.
26
Let a(i) = -i**3 - 6*i**2 - 2*i - 8. Let u be a(-6). Let n = u - -41. What is the greatest common divisor of n and 45?
45
Let h be ((-78)/(-8))/((-2)/(-88)). Let d = -10757 + 10796. What is the highest common factor of d and h?
39
Suppose -o = -98 + 59. Suppose -11*y = -y - 260. Calculate the highest common divisor of o and y.
13
Let l = 85 - 53. Suppose 3*x - y + 98 = 6*x, 0 = -x - y + l. Suppose -49*p - 12*p - 46 = -229. Calculate the highest common divisor of p and x.
3
Suppose 3*k + 9 = -3. Let s be k/(-20) + (859/5 - 2). Suppose f + r - s = 0, f = 2*r - 0*r + 170. What is the greatest common divisor of 68 and f?
34
Let f = -9095 + 10747. What is the greatest common divisor of f and 20?
4
Let i(u) = 6*u + 553. Let o be i(-10). Calculate the highest common factor of o and 174.
29
Let u(n) = -n**2 + 12*n + 15. Let s = 27 + -18. Let z be u(s). Let j = -33 - -40. Calculate the greatest common divisor of j and z.
7
Let q be (47996/18)/2 - ((-900)/81)/(-50). Calculate the highest common factor of 43 and q.
43
Let u(g) = -5*g**3 + g**2 - 18*g + 28. Let l be u(0). What is the greatest common factor of 3668 and l?
28
Let f(o) = o**3 - o**2 - o - 2. Suppose 2*j - 2*v = 0, j + 4*v - 4 = 11. Let c be f(j). Calculate the greatest common factor of 65 and c.
13
Suppose 0 = 94*n - 246*n + 19912. What is the greatest common divisor of 3 and n?
1
Let r be 232/(-20) + (-4)/10. Let c = r + 16. Suppose -o - c*w = -3, -4 - 9 = -2*o - w. What is the highest common factor of 1 and o?
1
Let w(l) = 8*l**2 - 35*l + 7. Let a be w(5). Let j(u) = -2*u + 6. Let o be ((-56)/2)/4 - -2. Let g be j(o). What is the highest common divisor of a and g?
16
Let h = -12135 - -13271. Calculate the greatest common divisor of 1065 and h.
71
Let t = -485 - -488. Suppose -t*c = -4*d + 480, 5*c = d - 65 - 55. What is the highest common divisor of 72 and d?
24
Let c = 4426 - 4326. What is the greatest common factor of 1060 and c?
20
Suppose -2385 = -7*b + 2*b. Suppose 0 = 837*t + 524 - 5748 - 2309. Calculate the highest common divisor of b and t.
9
Let c(w) = w**2 - 22*w - 918. Let r be c(45). Calculate the greatest common divisor of 9984 and r.
39
Suppose 4*i + 4*z - 15 = 125, 42 = -6*z. Calculate the greatest common factor of i and 24171.
21
Let h = 67637 + -67545. Let r(j) = -j**2 - 4*j - 1. Let q be r(-4). Let a be 69 + 1 - (-1)/q. Calculate the highest common divisor of h and a.
23
Suppose -31*z - 55*z - 90119 + 393011 = 0. Calculate the highest common factor of z and 2.
2
Suppose 4*s - 3*v = 780, -975 = -5*s - 8*v + 2*v. What is the greatest common divisor of s and 2223?
39
Let o = 166 + -146. Suppose -n - 1598 = -5*m, 0 = -4*m - n + 212 + 1070. What is the greatest common factor of o and m?
20
Let j = -277 + 232. Let n = j - -129. What is the highest common divisor of n and 462?
42
Let p = 360509 + -359901. Suppose -2*b - 16 = -l - 139, b = l + 59. What is the greatest common factor of b and p?
32
Suppose -3287 = -32*c - 34*c - 107*c. Calculate the greatest common divisor of c and 27113.
19
Suppose 4*b - 5*t = 3253, -2435 = -b - 2*b - t. What is the greatest common divisor of 84 and b?
28
Let g = -94 + 99. Suppose h - g*f - 3 = -4*f, -3*f - 3 = 0. Suppose d + 368 = 3*k, 5*k - h*d + 166 = 779. Calculate the highest common divisor of 41 and k.
41
Suppose 8*k - 5*k - 198 = 0. Suppose 11*l - 24 = -l. Let w be l*(-4)/(40/(-165)). What is the greatest common factor of w and k?
33
Let n(h) = 2*h**3 + 89*h**2 - 20*h + 1185. Let u b